t o be m(-6). Let b(p) = p**2 + p + 11. Let s be b(0). Let w(f) = -s + 7*f + 0*f - 19 + 29. What is w(o)?
6
Let p be 4 + -2 - (-55 + 49). Let i(b) = -b**2 + 8*b - 5. Determine i(p).
-5
Suppose 0 = 7*d - 3*d. Let g be (d - -1 - 3) + 6. Let o(l) = -3 - 4*l - 8*l - 9*l - l + 21*l. What is o(g)?
-7
Suppose 5*c + 15*t + 10 = 18*t, 2*c = -t - 4. Let g(w) = -w**2 - w - 6. Give g(c).
-8
Let s(d) be the third derivative of -d**5/12 + d**4/24 + d**3/6 + d**2. Let b(x) = x**2 - 4*x - 11. Let j be b(6). Let g = 0 - j. Determine s(g).
-5
Let d = -7131 - -7136. Let r(b) = -6*b + 4 + b**2 - b + 3. Give r(d).
-3
Let l(d) = -15*d**2 + 2 + 8*d**2 + 1 + 7*d**2 + 3*d + d**3 + 2*d**2. Calculate l(-2).
-3
Let m(h) = 0 + 43*h + 1 - 37*h - 3 - h**2. Give m(6).
-2
Suppose 0 = 17*j - 6*j - 11. Let t(q) = -6*q**3 - q**2 + q. Calculate t(j).
-6
Let k(l) be the second derivative of -l**3/2 - 9*l**2/2 - 464*l. What is k(-7)?
12
Let d(g) = -12 + 15 - 5*g + 7*g. Determine d(-4).
-5
Let z(d) = -33*d - 1. Let w be z(-1). Suppose 0 = -3*a - a + w. Suppose 4*x = 4*h, 0 = 3*h + 5*x - 0 - a. Let j(o) = 4*o - 1. What is j(h)?
3
Let r(y) be the third derivative of y**4/6 - 23*y**3/6 + 211*y**2 + 2. What is r(10)?
17
Suppose -55 = -16*m + 9. Let s(x) = -x**3 + 5*x**2 - 5*x - 3. Determine s(m).
-7
Let q(s) = -s**3 - 3*s**2 + 11*s + 7. Let r be q(-5). Let h be (-1 - (-1)/r)*4. Let y(c) be the second derivative of -c**3/6 - c**2 - c. What is y(h)?
0
Let q(b) be the first derivative of b**4/4 + 11*b**3/3 - b**2 - 19*b + 1. Let y be (-22 - 0)*(-10)/(-20). Let a be q(y). Let g(v) = v**2 - 3*v - 3. Give g(a).
-3
Let c be 4/10 + 28/5. Let u(m) be the second derivative of -4*m - 1/3*m**3 + 0 + 3*m**2. Give u(c).
-6
Let f(u) = u**2 - 9*u + 12. Let a(g) = -2*g + 16. Let p be a(7). Suppose 3*d = -4*l - 0*d + 32, 2*l = -p*d + 16. Calculate f(l).
4
Suppose 3*r - 2*z = -96, -4*z - 2 = r + 16. Let g = r - -36. Let v(c) be the second derivative of -c**3/3 + 9*c**2/2 + c. What is v(g)?
-3
Let k(r) be the second derivative of 0 + 1/120*r**5 - 1/4*r**4 + r + 5/6*r**3 + 0*r**2. Let b(x) be the second derivative of k(x). Determine b(0).
-6
Suppose 4*b + 0*b - 5*g = 81, 2*g = b - 21. Let t(y) = b*y - 11*y - 7*y + 1. Let h(d) = 7*d**3 + d**2 + d + 1. Let z be h(-1). What is t(z)?
-5
Let d(s) be the second derivative of s**6/180 + s**5/30 - s**4/24 - 5*s**3/3 - 16*s. Let j(k) be the second derivative of d(k). Determine j(-3).
5
Let r(k) be the third derivative of k**6/40 - k**5/20 + k**4/12 - k**3/6 - k**2 + 87*k. What is r(2)?
15
Let t(k) be the second derivative of k**5/60 + 7*k**4/24 + k**3/6 + 5*k**2 - 5*k. Let f(s) be the first derivative of t(s). Calculate f(-5).
-9
Let a(l) = l**3 + l**2 - l - 14. Let h be 10/30*(-60)/(-2). Let q be h/(-50) - (-22)/10. Suppose q = 5*i - 2*v - 6, 16 = -4*i - 4*v. What is a(i)?
-14
Suppose 2*r + 5*m - 2 = 4, 10 = -2*r + 3*m. Let a(i) = 0*i**2 - 3*i**2 - 2*i**2 - i**3 - 3*i. Determine a(r).
-6
Let d(h) = 63 - 58 - h - 2*h. What is d(-4)?
17
Let i = 0 + 2. Let f(k) = -k + 9. Let w(o) = o. Let h(z) = i*w(z) + f(z). Let m be (-2)/3*(-42)/(-7). What is h(m)?
5
Let r(k) be the second derivative of 2*k**2 + 5/12*k**4 - 1/6*k**3 + 16*k + 0 - 1/20*k**5. Determine r(5).
-1
Let f(m) = -m**2 + 4*m + 3. Let j(y) = -2*y**3 - 2*y**2 - 2*y - 7. Let s be j(-2). Determine f(s).
-2
Let f(d) = d**2 - 9*d + 9. Let c = -787 + 795. Calculate f(c).
1
Let n(u) = u**3 + 689*u - 4 - 6*u**2 + 5 - 697*u. What is n(7)?
-6
Let t(y) = -12*y - 35. Let k(g) = 5*g + 13. Let b(n) = -5*k(n) - 2*t(n). Let j = 4 - 6. Let f(v) = -1. Let r(d) = j*b(d) - 10*f(d). Give r(2).
4
Let c be 110/1265 - 42/(-46). Let j(d) = 35*d**3 - d**2 + d. Give j(c).
35
Suppose -d = 0, 9*d - 7*d = -0*m + m. Let b(o) be the second derivative of m - 7*o - 1/3*o**3 + 2*o**2. Determine b(3).
-2
Let r(v) = v**3 - v. Let w(j) = -2*j**3 + 3*j. Let x(k) = -3*r(k) - w(k). Let c(z) = 3*z**2 - 3*z + 3. Let d(n) = -c(n) + x(n). What is d(2)?
-17
Suppose -2*u - 2*u + 12 = 0, 0 = 5*m + 2*u - 156. Let c be (m/75)/((-2)/(-40)). Let o(r) = 2*r - 11. Determine o(c).
5
Let c(t) = -t**3 + 2*t - 1. Let w(j) = 4*j**3 - 10*j + 6. Let z(p) = 5*c(p) + w(p). Let i = 3 + -2. What is z(i)?
0
Let q(r) = r**2 + 6*r + 9. Let t(z) = 2 - 12*z**3 + 25*z**3 + z**2 - 10*z**3 - 4*z - 8*z**3. Let p be t(1). Calculate q(p).
9
Let g(s) = 97 + 4*s**2 + 4*s + 66 - 164. Give g(-3).
23
Let t be (-1 - 0) + 3 + 1. Let a(s) = -3*s - 4*s**3 + 2*s**3 + 3*s**3 - t + s**2. Suppose -4*q - u - 12 = 0, 0 = 3*q - 3*u - 6. Give a(q).
-1
Let s = 52 + -50. Let p(i) = 6*i**3 - 6 + 1 - 2*i + 4*i**2 - 5*i**3 + s*i**2. Determine p(-6).
7
Let q(o) be the second derivative of o**3 - o**2 + 263*o. Calculate q(-1).
-8
Let z(f) be the third derivative of -5/6*f**3 + 0*f + 0*f**4 + 0 - 3*f**2 - 1/15*f**5 - 1/120*f**6. Determine z(-5).
20
Let g(j) = -5 - 16*j + 9*j + 5*j. What is g(6)?
-17
Let x(p) be the third derivative of -p**4/3 + p**3/6 - 342*p**2. Suppose q - 2 + 0 = 0. What is x(q)?
-15
Let k(x) = -x + 1. Let a be k(-5). Let b(i) = 0 + a - 2*i - 3. Suppose 383*w + h + 2 = 384*w, -w + 4*h - 10 = 0. Calculate b(w).
-9
Suppose x = 2*a + 51, 3*x = 2*a + a + 159. Suppose -5*u + 4*k - x = 0, 5*k + 7 = -3*u - 26. Let p = u - -11. Let l(o) = -o**3 - o**2 + o. Determine l(p).
0
Let x(f) = -2538*f + 7 - 3 + 2537*f. Let u be 3/((27/(-6))/3). Let p be ((2 - -1) + u)*-4. What is x(p)?
8
Let g(x) = 3*x**2 - 13*x + 14. Let q(n) = -13*n**2 + 53*n - 59. Let h(s) = -9*g(s) - 2*q(s). Determine h(6).
22
Let s(g) = 47 + g - 21 - 26. Let n be (1 + -3)*1 + 3. Let f(k) = -3*k + 3. Let m(u) = n*f(u) + 4*s(u). What is m(-6)?
-3
Let i(u) = -u**3 + 13*u**2 - 12*u + 15. Let c be i(12). Suppose 15 = 3*a + 3. Suppose -s + a*s = -c. Let g(h) = -h**3 - 5*h**2 - 2*h - 4. What is g(s)?
6
Let p(j) = -18*j + 3. Let s be p(0). Let r(b) = 14*b - 2. Determine r(s).
40
Let g(p) = -10*p - 10. Let y(d) = 6 - 1 + 7*d - 4 + 6. Let i(k) = 5*g(k) + 7*y(k). Let z be i(1). Let v(x) = -x**3 + x. Determine v(z).
6
Let b(x) = -2*x**2 - 23*x - 11. Let y be b(-11). Suppose 16 = -4*w - 4*j, -5*j - 11 = -4*w - y*w. Let r(c) = 7*c**3 + c**2 - c - 1. What is r(w)?
-6
Let y(w) be the second derivative of -w**3/6 - w. Suppose 28 = -1376*p + 1372*p. Give y(p).
7
Let t(s) = -7*s - 2. Let m be (-512)/88 - 2/11. Calculate t(m).
40
Let f(z) = -9 - 5 + 13 - 2*z + 2*z**2 - 2. Give f(3).
9
Let n(d) = 10*d + 13. Let p(w) = 21*w + 22. Let b(u) = -5*n(u) + 3*p(u). Calculate b(3).
40
Let c(z) = -z**3 - 4*z**2 - 3. Let r be (2/2)/(2/24). Suppose -r*h + 19*h + 21 = 0. Calculate c(h).
-12
Let h be (4/3)/(22/99). Let m(o) = -o - 4. Give m(h).
-10
Let s(h) = -h**2 - 3*h - 4. Let q be s(-6). Let m = 19 + q. Let y(b) = b + 1. What is y(m)?
-2
Let u(r) = r**3 - r**2 + 2*r + 10. Let f = -321 - -321. Give u(f).
10
Let d(c) be the first derivative of 5*c**4 - 2*c**3 - 6*c**2 - 9*c - 8. Let p(h) = -7*h**3 + 2*h**2 + 4*h + 3. Let w(u) = 6*d(u) + 17*p(u). Calculate w(4).
13
Let p(i) = i**3 - i**2 - 8*i - 10. Let j(h) = -h**3 - h**2 + 8*h + 9. Let g(d) = -3*j(d) - 2*p(d). Determine g(-7).
-49
Let o be (-6)/144*111 + 3/(-8). Let t(f) = -f - 9. Give t(o).
-4
Let k(w) = -3*w**2 + 3*w - 7. Let c(p) = -2*p**2 + 2*p - 5. Let a(z) = -7*c(z) + 5*k(z). Calculate a(-2).
-6
Let w = -126 - -131. Let g(v) = v**2 - 5*v + 1. Determine g(w).
1
Let y(d) = 3*d - 16. Let r be y(8). Let g(p) = -4*p**2 + 3 + p**3 - 3 + 5 - r*p + 0. Calculate g(5).
-10
Let a(m) = 5*m + 6. Let j be a(-2). Let p be (1 + 0)*(-28)/j. Let v(s) = s**2 - 10*s - 10. What is v(p)?
-31
Let b(d) = -d**3 - 9*d**2 + d + 11. Suppose 15*w = 14*w - 71. Let v = -80 - w. Give b(v).
2
Let c(b) be the first derivative of -b**4/4 + b**3/3 + b**2/2 + 26*b + 23. Give c(0).
26
Let y(v) = 12*v + 8*v**3 - 9*v - 4*v + 2*v**2 + 0*v**2. Calculate y(1).
9
Let o(m) be the second derivative of m**6/120 + m**5/30 - m**4/8 + 7*m**2/2 - 3*m. Let a(c) be the first derivative of o(c). Give a(2).
10
Let y = -167 - -57. Let a be ((-3)/5)/(11/y)*-1. Let j(x) = -3*x - 9. Determine j(a).
9
Let m(y) = -y**2 - 9*y - 14. Let k(s) = -s**2 - 9*s - 12. Let i(z) = 3*k(z) - 2*m(z). Determine i(-5).
12
Let o(j) be the second derivative of -1/3*j**4 + 1/20*j**5 - 21*j + 1/6*j**3 + 0 - 2*j**2. Suppose 2*v + 10 = i, -2*i - v + 2 + 3 = 0. What is o(i)?
0
Let v(h) =